10?
-202212110
In base 15, what is 14 - 1164b?
-11637
In base 14, what is -6552 + 22?
-6530
In base 12, what is 32b2 - -1?
32b3
In base 13, what is 1a - 1089?
-106c
In base 11, what is -3420 - 5?
-3425
In base 8, what is -5502 - -612?
-4670
In base 13, what is 0 + -2817a?
-2817a
In base 10, what is -37 + -291?
-328
In base 4, what is -1201001 + -31?
-1201032
In base 16, what is 29 - -1c1d?
1c46
In base 8, what is -3 - -77341?
77336
In base 9, what is 12 + -525061?
-525048
In base 13, what is -3451 + b?
-3443
In base 12, what is -4 + -10961?
-10965
In base 14, what is -6 - -239?
233
In base 13, what is -172ba - 1?
-172bb
In base 13, what is -3 + -88079?
-8807c
In base 9, what is -25204 - -26?
-25167
In base 10, what is 2379 - -12?
2391
In base 2, what is -111110010101010100100 - -101?
-111110010101010011111
In base 10, what is 3682 + 15?
3697
In base 7, what is -2422 + 52?
-2340
In base 9, what is 1 - 1722332?
-1722331
In base 6, what is -34305 + -5?
-34314
In base 3, what is -1 + -21022212010?
-21022212011
In base 13, what is -2 + 8179?
8177
In base 15, what is 938 + -5?
933
In base 11, what is -1 + 277031?
277030
In base 11, what is -560 + -57?
-607
In base 10, what is 25 - -383?
408
In base 12, what is 82233 + 1?
82234
In base 12, what is -2 + 44898?
44896
In base 4, what is -22210 - -223200?
200330
In base 4, what is -2 + -131333?
-132001
In base 2, what is 1 + 1001101000111100?
1001101000111101
In base 12, what is 458 + -65?
3b3
In base 2, what is 11100011010111 + 1?
11100011011000
In base 5, what is -2333 + -301?
-3134
In base 12, what is -39 + 1153b?
11502
In base 9, what is 218388 - 5?
218383
In base 16, what is 57c56 - -5?
57c5b
In base 11, what is 5a + -35a64?
-35a05
In base 4, what is -10 - -2213123112?
2213123102
In base 9, what is 1876 - 130?
1746
In base 5, what is 10 + 440?
1000
In base 14, what is -6d53 - 4?
-6d57
In base 9, what is 5 + 15257?
15263
In base 14, what is 106 + -b9?
2b
In base 12, what is 6 - 45157?
-45151
In base 11, what is -283a - -45?
-27a5
In base 10, what is -2153 + -345?
-2498
In base 16, what is 324 + -a5?
27f
In base 11, what is -8141 + 90?
-8061
In base 8, what is -2 - -23701?
23677
In base 15, what is 5e8b8 - 8?
5e8b0
In base 7, what is -145 - 11215?
-11363
In base 12, what is 9 + 548?
555
In base 13, what is -5c - 7?
-66
In base 12, what is 2857 + -5?
2852
In base 13, what is c6 + -394?
-29b
In base 11, what is -18 + 33631?
33614
In base 2, what is -10011000 + 1010000011010011?
1010000000111011
In base 7, what is -24463 + -5?
-24501
In base 13, what is 18539 - -2?
1853b
In base 3, what is -122002211 - 111?
-122010022
In base 2, what is 11000000010001001 - -100?
11000000010001101
In base 13, what is -2842 + -5?
-2847
In base 12, what is -1820b3 + -5?
-1820b8
In base 16, what is 66dc + 4?
66e0
In base 5, what is 3100 + 2041?
10141
In base 10, what is 104111 - -3?
104114
In base 9, what is -128 + 52?
-66
In base 9, what is -13333 + -584?
-14027
In base 13, what is -3 - -16abb0?
16abaa
In base 13, what is 1 + 16a2?
16a3
In base 4, what is 132330332 - -3?
132331001
In base 7, what is -2 + -52061?
-52063
In base 7, what is 1620 - -146?
2066
In base 12, what is -141b4 + -100?
-142b4
In base 15, what is -14 - 179?
-18d
In base 9, what is -4 + -86428?
-86433
In base 11, what is 1 + 21149?
2114a
In base 2, what is -100 + 10100111011010000010?
10100111011001111110
In base 13, what is -98 + -229?
-2c4
In base 13, what is -208 + -3?
-20b
In base 4, what is 0 + 1032303213?
1032303213
In base 16, what is -3 + 5bd?
5ba
In base 3, what is 2 + 111002?
111011
In base 15, what is 3 + 54ba?
54bd
In base 16, what is -4c9 - -1af?
-31a
In base 4, what is -122 + -22210132?
-22210320
In base 6, what is -12455550 + -2?
-12455552
In base 7, what is -2113 + 160?
-1623
In base 15, what is -a - -6d6a?
6d60
In base 8, what is 13423 - 23?
13400
In base 11, what is 1997 + -92a?
1068
In base 9, what is 2 - -46785?
46787
In base 7, what is -34 - -126451?
126414
In base 4, what is -10 - -11200321?
11200311
In base 16, what is -1c385 - b?
-1c390
In base 11, what is -480 + 106?
-375
In base 15, what is 402 - 41?
3b1
In base 14, what is -2c5 + -89?
-370
In base 10, what is -13 - 4124?
-4137
In base 10, what is 18493 - -4?
18497
In base 8, what is 2411 + -1?
2410
In base 13, what is 5 + -1bbc?
-1bb7
In base 15, what is 11 - -554c?
555d
In base 13, what is 118587 - 4?
118583
In base 8, what is 120 - 15?
103
In base 5, what is -403 + -12400?
-13303
In base 14, what is -599 + 1d?
-57a
In base 14, what is -8ac5 + -8?
-8acd
In base 8, what is 1730 - -25?
1755
In base 4, what is -1012132 + -1210?
-1020002
In base 2, what is -101 + -10010111011100?
-10010111100001
In base 6, what is 5 - -32022035?
32022044
In base 12, what is 78b1 + 3?
78b4
In base 2, what is 111110010010 + 1110?
111110100000
In base 16, what is -185 + 37?
-14e
In base 7, what is -1 + -13130?
-13131
In base 3, what is -12 + -22010212001?
-22010212020
In base 4, what is -330203 + -11?
-330220
In base 8, what is 40 - -332?
372
In base 15, what is -3c42 - -b8?
-3b79
In base 4, what is 10 + 1121203321?
1121203331
In base 14, what is -33 + 1b3?
180
In base 14, what is -8d0 + 4?
-8ca
In base 7, what is 426416 - 1?
426415
In base 16, what is 3 - -705f9?
705fc
In base 7, what is 14106524 + 2?
14106526
In base 7, what is 162265 + 1?
162266
In base 2, what is -101 + -10010111001111101100?
-10010111001111110001
In base 7, what is 1113 + -43335?
-42222
In base 10, what is -424639 - 5?
-424644
In base 3, what is -2 - -22200021110?
22200021101
In base 12, what is -3 - -4a2848?
4a2845
In base 7, what is 6560 - -51?
6641
In base 16, what is 5b8f + e?
5b9d
In base 15, what is 384 + 3d?
3c2
In base 11, what is 1 + 12a28?
12a29
In base 15, what is -5046 + -2?
-5048
In base 10, what is -3 + -56794?
-56797
In base 2, what is 1 + 11101010100100011?
11101010100100100
In base 5, what is 22 + 143202?
143224
In base 10, what is -28790 - -27?
-28763
In base 6, what is 13523 - 50?
13433
In base 4, what is 23 - 1032032?
-1032003
In base 2, what is 100011000000011101 - 10?
100011000000011011
In base 12, what is 5 - 4470?
-4467
In base 15, what is 147 + 54?
19b
In base 10, what is 1661 - -1370?
3031
In base 7, what is 211561 + 4?
211565
In base 15, what is 4 - 1de5?
-1de1
In base 15, what is -35 + 4ecd?
4e98
In base 7, what is 55 - 24?
31
In base 13, what is 14c48 + 14?
14c5c
In base 16, what is 4 + -2de5?
-2de1
In base 11, what is 15194 - -4?
15198
In base 4, what is 0 + 2213113012?
2213113012
In base 11, what is -498 - -100?
-398
In base 4, what is 3 + -10320303?
-10320300
In base 12, what is -2 - 1a82?
-1a84
In base 6, what is -230100 - -13?
-230043
In base 9, what is -65531 + -135?
-65666
In base 5, what is -3411 - 3301?
-12212
In base 15, what is 10d6 - -1?
10d7
In base 4, what is 2 - -203313?
203321
In base 6, what is 41 - -13052?
13133
In base 16, what is 68 + 16e?
1d6
In base 2, what is 100100000111111100 + -1111?
100100000111101101
In base 13, what is -3c8b - -9?
-3c82
In base 5, what is 30 - 22030?
-22000
In base 10, what is -152 + 92?
-60
In base 14, what is 3722 - 2?
3720
In base 11, what is -a67a + -2?
-a681
In base 9, what is -4 + -1767560?
-1767564
In base 13, what is -3 - -12b758?
12b755
In base 14, what is 13a17 - 1?
13a16
In base 7, what is 5230156 - 4?
5230152
In base 2, what is -1010000111000 + -1011111?
-1010010010111
In base 2, what is 100011011011110110 - -10?
100011011011111000
In base 12, what is 0 - -a3a99?
a3a99
In base 8, what is -272573 + -54?
-272647
In base 11, what is 41 - 330a5?
-33064
In base 6, what is -224 + -210334?
-211002
In base 4, what is 21120 - 33?
21021
In base 4, what is 0 + 31100202?
31100202
In base 9, what is 2 + -56747?
-56745
In base 2, what is 10 + -11010010010?
-11010010000
In base 9, what is -623574 + -5?
-623580
In base 5, what is 4 + 2243400?
2243404
In base 13, what is -13a9 + c?
-139a
In base 9, what is -86 - 3216?
-3313
In base 9, what is -651072 + 1?
-651071
In base 11, what is -2703 - 452?
-3055
In base 12, what is -77126 + -1?
-77127
In base 16, what is 2 - -61ae?
61b0
In base 9, what is -860 - -118?
-741
In base 8, what is 1 - 140202?
-140201
In base 12, what is -a38 + 14?
-a24
In base 6, what is 1343354 - 2?
1343352
In base 5, what is 11 - -133411